{"id":3706,"date":"2018-04-03T15:28:00","date_gmt":"2018-04-03T18:28:00","guid":{"rendered":"https:\/\/espacolaforet.com.br\/?page_id=3706"},"modified":"2018-05-07T15:00:21","modified_gmt":"2018-05-07T18:00:21","slug":"eventos","status":"publish","type":"page","link":"https:\/\/espacolaforet.com.br\/site\/eventos\/","title":{"rendered":"Sobre"},"content":{"rendered":"<p>[vc_row][vc_column][vc_column_text]Com uma arquitetura moderna que privilegia a integra\u00e7\u00e3o com a natureza, o sal\u00e3o social tem acabamento em gesso e vidro, com amplas janelas e varandas cobertas em todas sua extens\u00e3o, o que permite o contato visual direto com os jardins e a vegeta\u00e7\u00e3o ao redor. Com \u00e1rea \u00fatil de 500 m\u00b2 e p\u00e9 direito de 4 m, atende at\u00e9 300 pessoas sentadas confortavelmente ou at\u00e9 600 pessoas para coquet\u00e9is. O espa\u00e7o \u00e9 ideal para almo\u00e7os, jantares, reuni\u00f5es e apresenta\u00e7\u00f5es variadas. \u00a0O estilo clean favorece diferentes tipos de decora\u00e7\u00e3o e ambienta\u00e7\u00e3o.[\/vc_column_text][vc_empty_space height=&#8221;20px&#8221;][wyde_image_gallery images=&#8221;3707,3708,3709,3293,3228,3318&#8243; image_size=&#8221;medium&#8221; gallery_type=&#8221;grid-space&#8221; columns=&#8221;6&#8243;][\/vc_column][\/vc_row][vc_row padding_size=&#8221;no-padding&#8221; background_color=&#8221;#ffd300&#8243; css=&#8221;.vc_custom_1436023115534{padding-top: 0px !important;}&#8221;][vc_column text_align=&#8221;center&#8221;][wyde_action_box title=&#8221;Pe\u00e7a um or\u00e7amento e agende uma visita&#8221; button_text=&#8221;CLIQUE AQUI&#8221; style=&#8221;round&#8221; size=&#8221;large&#8221; color=&#8221;#000000&#8243; hover_color=&#8221;#ffffff&#8221; link=&#8221;url:https%3A%2F%2Fespacolaforet.com.br%2Fcontato%2F||target:%20_blank|&#8221;][\/wyde_action_box][\/vc_column][\/vc_row][vc_row][vc_column width=&#8221;1\/3&#8243;][vc_custom_heading text=&#8221;Casamentos e festas&#8221; google_fonts=&#8221;font_family:ABeeZee%3Aregular%2Citalic|font_style:400%20regular%3A400%3Anormal&#8221;][vc_column_text]<\/p>\n<div class=\"hp-highlight-content\">\n<p><img fetchpriority=\"high\" decoding=\"async\" class=\"alignnone wp-image-3775 size-large\" src=\"https:\/\/espacolaforet.com.br\/wp-content\/uploads\/2018\/04\/12.1-Iluminacao-Cenografica-Externa-640x640.jpg\" alt=\"\" width=\"640\" height=\"640\" srcset=\"https:\/\/espacolaforet.com.br\/site\/wp-content\/uploads\/2018\/04\/12.1-Iluminacao-Cenografica-Externa-640x640.jpg 640w, https:\/\/espacolaforet.com.br\/site\/wp-content\/uploads\/2018\/04\/12.1-Iluminacao-Cenografica-Externa-150x150.jpg 150w, https:\/\/espacolaforet.com.br\/site\/wp-content\/uploads\/2018\/04\/12.1-Iluminacao-Cenografica-Externa-300x300.jpg 300w, https:\/\/espacolaforet.com.br\/site\/wp-content\/uploads\/2018\/04\/12.1-Iluminacao-Cenografica-Externa-960x960.jpg 960w\" sizes=\"(max-width: 640px) 100vw, 640px\" \/><\/p>\n<p>Sua\u00a0 festa ou cerim\u00f4nia de casamento com charme e eleg\u00e2ncia em um ambiente totalmente integrado \u00e0 natureza.<\/p>\n<\/div>\n<p>[\/vc_column_text][vc_empty_space height=&#8221;20px&#8221;][wyde_button title=&#8221;Saiba Mais&#8221; bg_color=&#8221;#dd9933&#8243;][\/vc_column][vc_column width=&#8221;1\/3&#8243;][vc_custom_heading text=&#8221;Corporativo&#8221; google_fonts=&#8221;font_family:ABeeZee%3Aregular%2Citalic|font_style:400%20regular%3A400%3Anormal&#8221;][vc_column_text]<img decoding=\"async\" class=\"alignnone wp-image-3585 size-large\" src=\"https:\/\/espacolaforet.com.br\/wp-content\/uploads\/2018\/03\/Corporativos-confraternizacoes-30-2-640x640.jpg\" alt=\"\" width=\"640\" height=\"640\" srcset=\"https:\/\/espacolaforet.com.br\/site\/wp-content\/uploads\/2018\/03\/Corporativos-confraternizacoes-30-2-640x640.jpg 640w, https:\/\/espacolaforet.com.br\/site\/wp-content\/uploads\/2018\/03\/Corporativos-confraternizacoes-30-2-150x150.jpg 150w, https:\/\/espacolaforet.com.br\/site\/wp-content\/uploads\/2018\/03\/Corporativos-confraternizacoes-30-2-300x300.jpg 300w\" sizes=\"(max-width: 640px) 100vw, 640px\" \/><\/p>\n<div class=\"hp-highlight-content\">\n<p>Um espa\u00e7o diferenciado para seus eventos corporativos, pr\u00f3ximo aos centros empresariais de Barueri e Itapevi e a poucos minutos de S\u00e3o Paulo.<\/p>\n<\/div>\n<p>[\/vc_column_text][vc_empty_space height=&#8221;20px&#8221;][wyde_button title=&#8221;Saiba Mais&#8221; bg_color=&#8221;#dd9933&#8243;][\/vc_column][vc_column width=&#8221;1\/3&#8243;][vc_custom_heading text=&#8221;Confraterniza\u00e7\u00e3o&#8221; google_fonts=&#8221;font_family:ABeeZee%3Aregular%2Citalic|font_style:400%20regular%3A400%3Anormal&#8221;][vc_column_text]<\/p>\n<div class=\"hp-highlight-content\">\n<p><img decoding=\"async\" class=\"alignnone size-large wp-image-3485\" src=\"https:\/\/espacolaforet.com.br\/wp-content\/uploads\/2018\/03\/Corporativos-confraternizacoes-37-1-640x640.jpg\" alt=\"\" width=\"640\" height=\"640\" srcset=\"https:\/\/espacolaforet.com.br\/site\/wp-content\/uploads\/2018\/03\/Corporativos-confraternizacoes-37-1-640x640.jpg 640w, https:\/\/espacolaforet.com.br\/site\/wp-content\/uploads\/2018\/03\/Corporativos-confraternizacoes-37-1-150x150.jpg 150w, https:\/\/espacolaforet.com.br\/site\/wp-content\/uploads\/2018\/03\/Corporativos-confraternizacoes-37-1-300x300.jpg 300w\" sizes=\"(max-width: 640px) 100vw, 640px\" \/><\/p>\n<p>Divers\u00e3o e descontra\u00e7\u00e3o em um espa\u00e7o preparado para festas e eventos com \u00e1rea de lazer e ampla \u00e1rea verde.<\/p>\n<\/div>\n<p>[\/vc_column_text][vc_empty_space height=&#8221;20px&#8221;][wyde_button title=&#8221;Saiba Mais&#8221; bg_color=&#8221;#dd9933&#8243;][\/vc_column][\/vc_row]<\/p>\n","protected":false},"excerpt":{"rendered":"<p>[vc_row][vc_column][vc_column_text]Com uma arquitetura moderna que privilegia a integra\u00e7\u00e3o com a natureza, o sal\u00e3o social tem acabamento em gesso e vidro, com amplas janelas e varandas cobertas em todas sua extens\u00e3o, o que permite o contato visual direto com os jardins e a vegeta\u00e7\u00e3o ao redor. Com \u00e1rea \u00fatil de 500 m\u00b2 e p\u00e9 direito de [&hellip;]<\/p>\n","protected":false},"author":4,"featured_media":0,"parent":0,"menu_order":0,"comment_status":"closed","ping_status":"closed","template":"","meta":{"footnotes":""},"class_list":["post-3706","page","type-page","status-publish","hentry"],"_links":{"self":[{"href":"https:\/\/espacolaforet.com.br\/site\/wp-json\/wp\/v2\/pages\/3706"}],"collection":[{"href":"https:\/\/espacolaforet.com.br\/site\/wp-json\/wp\/v2\/pages"}],"about":[{"href":"https:\/\/espacolaforet.com.br\/site\/wp-json\/wp\/v2\/types\/page"}],"author":[{"embeddable":true,"href":"https:\/\/espacolaforet.com.br\/site\/wp-json\/wp\/v2\/users\/4"}],"replies":[{"embeddable":true,"href":"https:\/\/espacolaforet.com.br\/site\/wp-json\/wp\/v2\/comments?post=3706"}],"version-history":[{"count":11,"href":"https:\/\/espacolaforet.com.br\/site\/wp-json\/wp\/v2\/pages\/3706\/revisions"}],"predecessor-version":[{"id":3864,"href":"https:\/\/espacolaforet.com.br\/site\/wp-json\/wp\/v2\/pages\/3706\/revisions\/3864"}],"wp:attachment":[{"href":"https:\/\/espacolaforet.com.br\/site\/wp-json\/wp\/v2\/media?parent=3706"}],"curies":[{"name":"wp","href":"https:\/\/api.w.org\/{rel}","templated":true}]}}