{"id":3551,"date":"2018-03-27T16:15:19","date_gmt":"2018-03-27T19:15:19","guid":{"rendered":"https:\/\/espacolaforet.com.br\/?page_id=3551"},"modified":"2019-04-10T10:30:04","modified_gmt":"2019-04-10T13:30:04","slug":"casamento-e-festas","status":"publish","type":"page","link":"https:\/\/espacolaforet.com.br\/site\/casamento-e-festas\/","title":{"rendered":"Casamento e Festas"},"content":{"rendered":"<p>[vc_row row_style=&#8221;full-width&#8221; padding_size=&#8221;no-padding&#8221;][vc_column][rev_slider_vc button_style=&#8221;2&#8243; color=&#8221;#dd9933&#8243;][\/vc_column][\/vc_row][vc_row padding_size=&#8221;no-padding&#8221; background_color=&#8221;#ffd300&#8243; css=&#8221;.vc_custom_1436023115534{padding-top: 0px !important;}&#8221;][vc_column text_align=&#8221;center&#8221;][wyde_action_box title=&#8221;Pe\u00e7a um or\u00e7amento e agende uma visita&#8221; button_text=&#8221;Clique Aqui&#8221; style=&#8221;round&#8221; size=&#8221;large&#8221; color=&#8221;#000000&#8243; hover_color=&#8221;#ffffff&#8221; link=&#8221;url:https%3A%2F%2Fespacolaforet.com.br%2Fcontato%2F||target:%20_blank|&#8221;][\/wyde_action_box][\/vc_column][\/vc_row][vc_row][vc_column width=&#8221;2\/3&#8243;][vc_column_text]<\/p>\n<p style=\"text-align: justify;\">Desde os mais simples detalhes como o arranjo ideal de flores para o buqu\u00ea, at\u00e9 a escolha do local perfeito para a realiza\u00e7\u00e3o do Casamento e Festas, idealizar um evento de pequeno e grande porte \u00e9 uma tarefa complicada que exige muita emo\u00e7\u00e3o e estresse, al\u00e9m de, claro, muito esfor\u00e7o e dedica\u00e7\u00e3o.<\/p>\n<p style=\"text-align: justify;\">Fa\u00e7a sua cerim\u00f4nia de casamento e festas em um s\u00edtio de grande beleza natural, que alia a simplicidade conferida pela natureza da regi\u00e3o, com o charme e eleg\u00e2ncia que o Espa\u00e7o La For\u00eat oferece.<\/p>\n<p style=\"text-align: justify;\">No Espa\u00e7o La For\u00eat voc\u00ea poder\u00e1 casar ao ar livre e receber seus convidados em uma ch\u00e1cara diferenciada, cercado pela natureza, pr\u00f3ximo a <a href=\"https:\/\/espacolaforet.com.br\/como-chegar\/\">Aldeia da Serra<\/a> e Alphaville e a poucos minutos de S\u00e3o Paulo. Em meio \u00e0 mata, lagos e jardins, conta com dois espa\u00e7os especialmente projetados para cerim\u00f4nias de casamento ao ar livre, sendo assim, uma \u00f3tima op\u00e7\u00e3o para quem deseja aliar a calmaria que a ch\u00e1cara e um casamento ao ar livre oferece, com a praticidade e <a href=\"https:\/\/espacolaforet.com.br\/como-chegar\/\">f\u00e1cil acesso a cidade<\/a>.<\/p>\n<p style=\"text-align: justify;\">O <a href=\"https:\/\/espacolaforet.com.br\/infraestrutura\/\">sal\u00e3o principal <\/a>possui 700 m2 e p\u00e9 direito de 4m, al\u00e9m da ampla \u00e1rea coberta e um projeto arquitet\u00f4nico e paisag\u00edstico que traz charme e eleg\u00e2ncia ao ambiente, em total harmonia com a paisagem natural ao redor. A ampla \u00e1rea verde e os diversos jardins conferem simplicidade sem deixar de lado toda a beleza e calma que podem ser vistas de qualquer parte do interior do sal\u00e3o, tornando-se como parte integrante de seu espa\u00e7o.<\/p>\n<p style=\"text-align: justify;\">Oferecemos equipe altamente prestativa e qualificada a apresentar as melhores op\u00e7\u00f5es para o melhor proveito de seu evento. O Espa\u00e7o La For\u00eat oferece ainda servi\u00e7os essenciais e toda a infraestrutura necess\u00e1ria para atender as necessidades espec\u00edficas de seu evento. Nossos servi\u00e7os v\u00e3o desde o planejamento com a assessoria, buffet, decora\u00e7\u00e3o, DJ e bartender. Nossa equipe altamente capacitada d\u00e1 o suporte completo at\u00e9 o grande dia.<\/p>\n<p style=\"text-align: justify;\">Oferecemos mais de 700 m2 de gramados que podem abrigar cerim\u00f4nias ao ar livre e servir de cen\u00e1rio para suas fotos.<\/p>\n<p style=\"text-align: justify;\">Todo o espa\u00e7o possui acesso para portadores de necessidades especiais.<\/p>\n<p style=\"text-align: justify;\">Agende uma <a href=\"https:\/\/espacolaforet.com.br\/contato\/\">visita<\/a> para conhecer o espa\u00e7o eleito duas vezes pela Zankyou como um dos 10 Espa\u00e7os mais bonitos para casar no campo na Grande S\u00e3o Paulo. Ser\u00e1 um prazer receber e apresentar nossos ambientes para oferecer o melhor para seu evento.<\/p>\n<p>[\/vc_column_text][\/vc_column][vc_column width=&#8221;1\/3&#8243;][wyde_image_gallery images=&#8221;3341,3293,3239,3087,3076,3004,2954,2975&#8243; image_size=&#8221;medium&#8221; gallery_type=&#8221;grid-space&#8221; columns=&#8221;2&#8243;][\/vc_column][\/vc_row][vc_row text_style=&#8221;light&#8221; padding_size=&#8221;no-padding&#8221; bg_image_url=&#8221;https:\/\/espacolaforet.com.br\/wp-content\/uploads\/2018\/03\/Casamento-Laforet-Elisabeth-Igor-55-150&#215;150.jpg&#8221; background_overlay=&#8221;color&#8221; overlay_color=&#8221;#211f1e&#8221; css=&#8221;.vc_custom_1522771166434{padding-top: 0px !important;}&#8221; background_image=&#8221;3351&#8243;][vc_column text_align=&#8221;center&#8221;][wyde_action_box title=&#8221;Conhe\u00e7a nossa galeria de fotos&#8221; button_text=&#8221;Clique Aqui&#8221; style=&#8221;round&#8221; size=&#8221;large&#8221; color=&#8221;#ffffff&#8221; hover_color=&#8221;#dd9933&#8243; link=&#8221;url:https%3A%2F%2Fespacolaforet.com.br%2Fcasamentos%2F||target:%20_blank|&#8221;][\/wyde_action_box][\/vc_column][\/vc_row][vc_row background_color=&#8221;#eaeaea&#8221;][vc_column][vc_custom_heading text=&#8221;Pe\u00e7a um or\u00e7amento ou agende sua visita!&#8221; font_container=&#8221;tag:h2|text_align:center&#8221; google_fonts=&#8221;font_family:ABeeZee%3Aregular%2Citalic|font_style:400%20regular%3A400%3Anormal&#8221;]\n                <div class='gf_browser_gecko gform_wrapper' id='gform_wrapper_1' style='display:none'><a id='gf_1' class='gform_anchor' ><\/a><form method='post' enctype='multipart\/form-data' target='gform_ajax_frame_1' id='gform_1'  action='\/site\/wp-json\/wp\/v2\/pages\/3551#gf_1'>\n                        <div class='gform_heading'>\n                            <h3 class='gform_title'>Or\u00e7amento<\/h3>\n                        <\/div>\n                        <div class='gform_body'><ul id='gform_fields_1' class='gform_fields top_label form_sublabel_below description_below'><li id='field_1_1'  class='gfield gfield_contains_required field_sublabel_below field_description_below gfield_visibility_visible' ><label class='gfield_label' for='input_1_1' >O seu nome<span class='gfield_required'>*<\/span><\/label><div class='ginput_container ginput_container_text'><input name='input_1' id='input_1_1' type='text' value='' class='large'     aria-required=\"true\" aria-invalid=\"false\" \/><\/div><\/li><li id='field_1_2'  class='gfield gfield_contains_required field_sublabel_below field_description_below gfield_visibility_visible' ><label class='gfield_label' for='input_1_2' >O seu e-mail<span class='gfield_required'>*<\/span><\/label><div class='ginput_container ginput_container_email'>\n                            <input name='input_2' id='input_1_2' type='text' value='' class='large'     aria-required=\"true\" aria-invalid=\"false\"\/>\n                        <\/div><\/li><li id='field_1_3'  class='gfield gfield_contains_required field_sublabel_below field_description_below gfield_visibility_visible' ><label class='gfield_label' for='input_1_3' >O seu telefone<span class='gfield_required'>*<\/span><\/label><div class='ginput_container ginput_container_text'><input name='input_3' id='input_1_3' type='text' value='' class='large'     aria-required=\"true\" aria-invalid=\"false\" \/><\/div><\/li><li id='field_1_4'  class='gfield gfield_contains_required field_sublabel_below field_description_below gfield_visibility_visible' ><label class='gfield_label' for='input_1_4' >O seu tipo de evento<span class='gfield_required'>*<\/span><\/label><div class='ginput_container ginput_container_select'><select name='input_4' id='input_1_4' onchange='gf_apply_rules(1,[5,7]);' class='large gfield_select'   aria-required=\"true\" aria-invalid=\"false\"><option value='Casamento' >Casamento<\/option><option value='Casamento a dois - Elopement Wedding' >Casamento a dois - Elopement Wedding<\/option><option value='Casamentos civil com at\u00e9 10 convidados' >Casamentos civil com at\u00e9 10 convidados<\/option><option value='Confraterniza\u00e7\u00f5es e\/ou festa de fim de ano' >Confraterniza\u00e7\u00f5es e\/ou festa de fim de ano<\/option><option value='Bodas e renova\u00e7\u00e3o de votos' >Bodas e renova\u00e7\u00e3o de votos<\/option><option value='Outros' >Outros<\/option><\/select><\/div><\/li><li id='field_1_5'  class='gfield gf_left_half gfield_contains_required field_sublabel_below field_description_below gfield_visibility_visible' ><label class='gfield_label' for='input_1_5' >Ano do seu evento<span class='gfield_required'>*<\/span><\/label><div class='ginput_container ginput_container_select'><select name='input_5' id='input_1_5'  class='large gfield_select'   aria-required=\"true\" aria-invalid=\"false\"><option value='2024' selected='selected'>2024<\/option><option value='2025' >2025<\/option><option value='2026' >2026<\/option><option value='2027' >2027<\/option><option value='2028' >2028<\/option><\/select><\/div><\/li><li id='field_1_7'  class='gfield gf_right_half gfield_contains_required field_sublabel_below field_description_below gfield_visibility_visible' ><label class='gfield_label' for='input_1_7' >Semestre do seu evento<span class='gfield_required'>*<\/span><\/label><div class='ginput_container ginput_container_select'><select name='input_7' id='input_1_7'  class='large gfield_select'   aria-required=\"true\" aria-invalid=\"false\"><option value='1\u00ba Semestre' >1\u00ba Semestre<\/option><option value='2\u00ba Semestre' >2\u00ba Semestre<\/option><\/select><\/div><\/li><li id='field_1_6'  class='gfield field_sublabel_below field_description_below gfield_visibility_visible' ><label class='gfield_label' for='input_1_6' >Quantidade de convidados<\/label><div class='ginput_container ginput_container_select'><select name='input_6' id='input_1_6'  class='large gfield_select'    aria-invalid=\"false\"><option value='At\u00e9 10' >At\u00e9 10<\/option><option value='At\u00e9 40' >At\u00e9 40<\/option><option value='50' >50<\/option><option value='75' >75<\/option><option value='100' >100<\/option><option value='125' >125<\/option><option value='150' >150<\/option><option value='175' >175<\/option><option value='200' >200<\/option><option value='225' >225<\/option><option value='250' >250<\/option><\/select><\/div><div class='gfield_description'>Preencha com a quantidade aproximada de convidados.<\/div><\/li><li id='field_1_8'  class='gfield .gform_wrapper textarea.large {background:white ;} field_sublabel_below field_description_below gfield_visibility_visible' ><label class='gfield_label' for='input_1_8' >Sua mensagem<\/label><div class='ginput_container ginput_container_textarea'><textarea name='input_8' id='input_1_8' class='textarea small'     aria-invalid=\"false\"   rows='10' cols='50'><\/textarea><\/div><\/li><li id='field_1_9'  class='gfield field_sublabel_below field_description_below gfield_visibility_visible' ><label class='gfield_label' for='input_1_9' >CAPTCHA<\/label><div id='input_1_9' class='ginput_container ginput_recaptcha' data-sitekey='6Lf0y-wjAAAAAEmSLhi8uKRH-ZMYTtE8XuIboX9K'  data-theme='light' data-tabindex='0'><\/div><\/li><li id='field_1_10'  class='gfield gform_validation_container field_sublabel_below field_description_below gfield_visibility_visible' ><label class='gfield_label' for='input_1_10' >Phone<\/label><div class='ginput_container'><input name='input_10' id='input_1_10' type='text' value='' \/><\/div><div class='gfield_description'>Este campo \u00e9 para fins de valida\u00e7\u00e3o e n\u00e3o deve ser alterado.<\/div><\/li>\n                            <\/ul><\/div>\n        <div class='gform_footer top_label'> <input type='submit' id='gform_submit_button_1' class='gform_button button' value='Enviar' tabindex='1' onclick='if(window[\"gf_submitting_1\"]){return false;}  window[\"gf_submitting_1\"]=true;  ' onkeypress='if( event.keyCode == 13 ){ if(window[\"gf_submitting_1\"]){return false;} window[\"gf_submitting_1\"]=true;  jQuery(\"#gform_1\").trigger(\"submit\",[true]); }' \/> <input type='hidden' name='gform_ajax' value='form_id=1&amp;title=1&amp;description=&amp;tabindex=0' \/>\n            <input type='hidden' class='gform_hidden' name='is_submit_1' value='1' \/>\n            <input type='hidden' class='gform_hidden' name='gform_submit' value='1' \/>\n            \n            <input type='hidden' class='gform_hidden' name='gform_unique_id' value='' \/>\n            <input type='hidden' class='gform_hidden' name='state_1' value='WyJbXSIsIjY5ZWY5Nzg0MzQ4MmRlY2ZkNjdhMzQ2YzI0ODA1ZTI3Il0=' \/>\n            <input type='hidden' class='gform_hidden' name='gform_target_page_number_1' id='gform_target_page_number_1' value='0' \/>\n            <input type='hidden' class='gform_hidden' name='gform_source_page_number_1' id='gform_source_page_number_1' value='1' \/>\n            <input type='hidden' name='gform_field_values' value='' \/>\n            \n        <\/div>\n                        <p style=\"display: none !important;\" class=\"akismet-fields-container\" data-prefix=\"ak_\"><label>&#916;<textarea name=\"ak_hp_textarea\" cols=\"45\" rows=\"8\" maxlength=\"100\"><\/textarea><\/label><input type=\"hidden\" id=\"ak_js_1\" name=\"ak_js\" value=\"249\"\/><script>document.getElementById( \"ak_js_1\" ).setAttribute( \"value\", ( new Date() ).getTime() );<\/script><\/p><\/form>\n                        <\/div>\n                <iframe style='display:none;width:0px;height:0px;' src='about:blank' name='gform_ajax_frame_1' id='gform_ajax_frame_1'>Este iframe cont\u00e9m a l\u00f3gica necess\u00e1ria para manusear os formul\u00e1rios Gravity Forms movidos a AJAX.<\/iframe>\n                <script type='text\/javascript'>jQuery(document).ready(function($){gformInitSpinner( 1, 'https:\/\/espacolaforet.com.br\/site\/wp-content\/plugins\/gravityforms\/images\/spinner.gif' );jQuery('#gform_ajax_frame_1').on('load',function(){var contents = jQuery(this).contents().find('*').html();var is_postback = contents.indexOf('GF_AJAX_POSTBACK') >= 0;if(!is_postback){return;}var form_content = jQuery(this).contents().find('#gform_wrapper_1');var is_confirmation = jQuery(this).contents().find('#gform_confirmation_wrapper_1').length > 0;var is_redirect = contents.indexOf('gformRedirect(){') >= 0;var is_form = form_content.length > 0 && ! is_redirect && ! is_confirmation;if(is_form){jQuery('#gform_wrapper_1').html(form_content.html());if(form_content.hasClass('gform_validation_error')){jQuery('#gform_wrapper_1').addClass('gform_validation_error');} else {jQuery('#gform_wrapper_1').removeClass('gform_validation_error');}setTimeout( function() { \/* delay the scroll by 50 milliseconds to fix a bug in chrome *\/ jQuery(document).scrollTop(jQuery('#gform_wrapper_1').offset().top); }, 50 );if(window['gformInitDatepicker']) {gformInitDatepicker();}if(window['gformInitPriceFields']) {gformInitPriceFields();}var current_page = jQuery('#gform_source_page_number_1').val();gformInitSpinner( 1, 'https:\/\/espacolaforet.com.br\/site\/wp-content\/plugins\/gravityforms\/images\/spinner.gif' );jQuery(document).trigger('gform_page_loaded', [1, current_page]);window['gf_submitting_1'] = false;}else if(!is_redirect){var confirmation_content = jQuery(this).contents().find('.GF_AJAX_POSTBACK').html();if(!confirmation_content){confirmation_content = contents;}setTimeout(function(){jQuery('#gform_wrapper_1').replaceWith(confirmation_content);jQuery(document).scrollTop(jQuery('#gf_1').offset().top);jQuery(document).trigger('gform_confirmation_loaded', [1]);window['gf_submitting_1'] = false;}, 50);}else{jQuery('#gform_1').append(contents);if(window['gformRedirect']) {gformRedirect();}}jQuery(document).trigger('gform_post_render', [1, current_page]);} );} );<\/script><script type='text\/javascript'> if(typeof gf_global == 'undefined') var gf_global = {\"gf_currency_config\":{\"name\":\"Real brasileiro\",\"symbol_left\":\"R$\",\"symbol_right\":\"\",\"symbol_padding\":\" \",\"thousand_separator\":\".\",\"decimal_separator\":\",\",\"decimals\":2},\"base_url\":\"https:\\\/\\\/espacolaforet.com.br\\\/site\\\/wp-content\\\/plugins\\\/gravityforms\",\"number_formats\":[],\"spinnerUrl\":\"https:\\\/\\\/espacolaforet.com.br\\\/site\\\/wp-content\\\/plugins\\\/gravityforms\\\/images\\\/spinner.gif\"};jQuery(document).bind('gform_post_render', function(event, formId, currentPage){if(formId == 1) {gf_global[\"number_formats\"][1] = {\"1\":{\"price\":false,\"value\":false},\"2\":{\"price\":false,\"value\":false},\"3\":{\"price\":false,\"value\":false},\"4\":{\"price\":false,\"value\":false},\"5\":{\"price\":false,\"value\":false},\"7\":{\"price\":false,\"value\":false},\"6\":{\"price\":false,\"value\":false},\"8\":{\"price\":false,\"value\":false},\"9\":{\"price\":false,\"value\":false},\"10\":{\"price\":false,\"value\":false}};if(window['jQuery']){if(!window['gf_form_conditional_logic'])window['gf_form_conditional_logic'] = new Array();window['gf_form_conditional_logic'][1] = { logic: { 5: {\"field\":{\"actionType\":\"hide\",\"logicType\":\"all\",\"rules\":[{\"fieldId\":\"4\",\"operator\":\"is\",\"value\":\"Confraterniza\\u00e7\\u00f5es e\\\/ou festa de fim de ano\"}]},\"nextButton\":null,\"section\":null},7: {\"field\":{\"actionType\":\"hide\",\"logicType\":\"all\",\"rules\":[{\"fieldId\":\"4\",\"operator\":\"is\",\"value\":\"Confraterniza\\u00e7\\u00f5es e\\\/ou festa de fim de ano\"}]},\"nextButton\":null,\"section\":null} }, dependents: { 5: [5],7: [7] }, animation: 1, defaults: {\"5\":\"2024\"}, fields: {\"1\":[],\"2\":[],\"3\":[],\"4\":[5,7],\"5\":[],\"7\":[],\"6\":[],\"8\":[],\"9\":[],\"10\":[]} }; if(!window['gf_number_format'])window['gf_number_format'] = 'decimal_comma';jQuery(document).ready(function(){gf_apply_rules(1, [5,7], true);jQuery('#gform_wrapper_1').show();jQuery(document).trigger('gform_post_conditional_logic', [1, null, true]);} );} jQuery('#input_1_3').mask('(99) 9999-9999?9').bind('keypress', function(e){if(e.which == 13){jQuery(this).blur();} } );} } );jQuery(document).bind('gform_post_conditional_logic', function(event, formId, fields, isInit){} );<\/script><script type='text\/javascript'> jQuery(document).ready(function(){jQuery(document).trigger('gform_post_render', [1, 1]) } ); <\/script>[\/vc_column][\/vc_row]<\/p>\n","protected":false},"excerpt":{"rendered":"<p>[vc_row row_style=&#8221;full-width&#8221; padding_size=&#8221;no-padding&#8221;][vc_column][rev_slider_vc button_style=&#8221;2&#8243; color=&#8221;#dd9933&#8243;][\/vc_column][\/vc_row][vc_row padding_size=&#8221;no-padding&#8221; background_color=&#8221;#ffd300&#8243; css=&#8221;.vc_custom_1436023115534{padding-top: 0px !important;}&#8221;][vc_column text_align=&#8221;center&#8221;][wyde_action_box title=&#8221;Pe\u00e7a um or\u00e7amento e agende uma visita&#8221; button_text=&#8221;Clique Aqui&#8221; style=&#8221;round&#8221; size=&#8221;large&#8221; color=&#8221;#000000&#8243; hover_color=&#8221;#ffffff&#8221; link=&#8221;url:https%3A%2F%2Fespacolaforet.com.br%2Fcontato%2F||target:%20_blank|&#8221;][\/wyde_action_box][\/vc_column][\/vc_row][vc_row][vc_column width=&#8221;2\/3&#8243;][vc_column_text] Desde os mais simples detalhes como o arranjo ideal de flores para o buqu\u00ea, at\u00e9 a escolha do local perfeito para a realiza\u00e7\u00e3o do Casamento e Festas, idealizar um [&hellip;]<\/p>\n","protected":false},"author":4,"featured_media":0,"parent":0,"menu_order":0,"comment_status":"closed","ping_status":"closed","template":"","meta":{"footnotes":""},"class_list":["post-3551","page","type-page","status-publish","hentry"],"_links":{"self":[{"href":"https:\/\/espacolaforet.com.br\/site\/wp-json\/wp\/v2\/pages\/3551"}],"collection":[{"href":"https:\/\/espacolaforet.com.br\/site\/wp-json\/wp\/v2\/pages"}],"about":[{"href":"https:\/\/espacolaforet.com.br\/site\/wp-json\/wp\/v2\/types\/page"}],"author":[{"embeddable":true,"href":"https:\/\/espacolaforet.com.br\/site\/wp-json\/wp\/v2\/users\/4"}],"replies":[{"embeddable":true,"href":"https:\/\/espacolaforet.com.br\/site\/wp-json\/wp\/v2\/comments?post=3551"}],"version-history":[{"count":20,"href":"https:\/\/espacolaforet.com.br\/site\/wp-json\/wp\/v2\/pages\/3551\/revisions"}],"predecessor-version":[{"id":4659,"href":"https:\/\/espacolaforet.com.br\/site\/wp-json\/wp\/v2\/pages\/3551\/revisions\/4659"}],"wp:attachment":[{"href":"https:\/\/espacolaforet.com.br\/site\/wp-json\/wp\/v2\/media?parent=3551"}],"curies":[{"name":"wp","href":"https:\/\/api.w.org\/{rel}","templated":true}]}}